et h(v) = u*c(v) + 2*q(v). Calculate h(-4).
-8
Let x = -17 + 21. Suppose -x*j - j + 25 = 0. Suppose i - j = -10. Let v(t) = 2*t - 1. Calculate v(i).
-11
Let g(j) = -38*j**2 - 3*j + 9. Let c(k) = -16*k**2 - k + 4. Let v(w) = -7*c(w) + 3*g(w). Let a be 14/(-6) - (-1)/3. What is v(a)?
-5
Let g(s) be the third derivative of s**6/120 - 7*s**5/60 - 7*s**3/6 - s**2. Let h = 3245 - 3238. Give g(h).
-7
Suppose -8*u = 4*u + 36. Let z(x) = -4*x**2 + 9*x - 7. Let k(m) = -3*m**2 + 8*m - 6. Let i(v) = u*k(v) + 2*z(v). Determine i(4).
-4
Let p(y) be the first derivative of -y**7/840 - y**6/72 + 5*y**4/24 - 3*y**3 - 14. Let l(w) be the third derivative of p(w). Determine l(-5).
5
Let p(q) = q**3 - 10*q**2 + 11*q + 5. Suppose -w - 41 = -50. What is p(w)?
23
Let x(m) = -m**3 - 5*m**2 - 7*m - 6. Let n(t) be the third derivative of t**4/12 + t**3/3 - 4*t**2. Let z be n(-3). Give x(z).
6
Let x be -2 + 16 + (-2 - -1). Let l = -5 + x. Let m(g) = -3 - 4 + 6*g - l*g. Determine m(-6).
5
Let v(i) = -3*i + 9. Let q(p) = 9*p - 30. Let a(l) = 2*q(l) + 7*v(l). Suppose -f + 0*f - 5 = -d, -d - 2*f + 14 = 0. Let y = d - 6. Calculate a(y).
-3
Let b(u) = u**3 - 8*u**2 + 3*u + 9. Suppose 0 = -16*o + 15*o - 2*q + 13, 3*o + q - 24 = 0. Give b(o).
-19
Let h(a) = a - 12. Let l = -136 - -144. Calculate h(l).
-4
Let m(l) be the third derivative of l**7/420 - l**6/360 + l**5/60 - 3*l**4/4 + 53*l**2. Let b(r) be the second derivative of m(r). Determine b(2).
22
Let z(u) = 2*u + 1. Let l(k) = -k**2 - 10*k - 9. Let p be l(-5). Suppose 3*h = 5*g - 18, 2*h = -2*h + p. Suppose 0*q = -g*q - 36. Give z(q).
-11
Let f(l) = -l**2 + l. Suppose s = 5*z + 2*s - 275, -5*z + 245 = -5*s. Let h = z + -54. What is f(h)?
0
Let q(t) = 5*t + 1. Let w be ((5 - 19)/(-7))/(-2). Determine q(w).
-4
Suppose -28 = -5*m + 4*x, -2 + 0 = x. Suppose -j = 3*n + m, 2*j = -j - 4*n - 12. Let b(h) = 4*h + 3. What is b(j)?
-13
Let s be (-1)/(3 - 40/15). Let l(b) = -1187*b**2 + 590*b**2 - 3 + 598*b**2 + b. Give l(s).
3
Let n(i) = -i**2 - 11*i - 6. Let x(r) = -3*r**2 - 4*r - 6. Let q be x(-2). Let l be n(q). Let k(g) = g + 1. What is k(l)?
5
Let a(v) = v**2 - 9*v - 68. Let j be a(14). Let u(w) be the second derivative of -w + 0 + 0*w**3 - 1/12*w**4 + 11/2*w**j. What is u(0)?
11
Let v(t) be the first derivative of t**3/3 + t**2 - 4*t + 301. Give v(0).
-4
Let y = -24 - -30. Suppose h + y = 13. Let o(r) = r - 11. Calculate o(h).
-4
Let v(n) be the second derivative of n**5/120 - 5*n**4/8 + 29*n**3/6 - 33*n. Let k(m) be the second derivative of v(m). What is k(0)?
-15
Let u = 13 - 9. Let m(j) = u*j + 3*j - 9*j - 4*j**2. Determine m(-2).
-12
Let o(u) = 13*u**2 - 28*u - 27. Let v(c) = 2*c**2 - 5*c + 2. Let m(j) = o(j) - 6*v(j). Determine m(5).
-4
Let f(u) = -u + 0*u - 1 - 6*u**2 - u**3 - 2*u. Give f(-2).
-11
Let l = -5 + 9. Let h(z) = -4*z + 17*z**2 + 3*z - 16*z**2 - 6 + 1. Calculate h(l).
7
Let m(x) = -x + 1. Let p(s) = -2 - 5*s - s**2 + 2*s**2 + 3 + 5. Let q be p(6). Let v be 7/28*q/3. Calculate m(v).
0
Let h(d) be the first derivative of -d**3/3 - 9*d**2/2 - 3*d - 2. Suppose -59*c - 4 = -58*c. What is h(c)?
17
Let d(c) = -c - 5. Let k = 325 + -325. Determine d(k).
-5
Let h(v) be the first derivative of -2*v**3/3 + 6*v**2 - 9*v + 518. Give h(5).
1
Suppose -k = -5*k + 4*g + 20, g - 1 = -k. Let c(a) = a - k*a - 3*a + 6*a + 7 + a**2. Let j be (-6 + 6)*1/(-2). Calculate c(j).
7
Suppose -26*v - 30 = -23*v. Let k be (v/30)/(2/(-6)). Let d(x) = 8*x**2. What is d(k)?
8
Let w(q) = -q - 3. Let p be w(-3). Suppose g - 5*j - 3 - 5 = p, -g - 1 = 4*j. Suppose k = 5*c, 0 = -2*k + g*k + c. Let v(m) = -m**2 - m - 4. Calculate v(k).
-4
Let u(v) = v**3 + 8*v**2 + 11*v + 33. Let m be u(-7). Let b(k) = 3*k**3 + 2*k**3 - 4*k**2 - 6*k - 4*k**3 - 6. What is b(m)?
-11
Let x(w) = -w - 48. Let q(v) = -v - 37. Let h(g) = 4*q(g) - 3*x(g). What is h(9)?
-13
Let r(i) be the second derivative of -1/2*i**2 + 11*i + 1/20*i**5 - 1/3*i**3 + 0 + 1/12*i**4. Calculate r(2).
7
Let u = -640 + 651. Let d(m) = 5*m - 10. What is d(u)?
45
Let a(n) = 4 - 3 - n - 14. Let y be a(-9). Let o(d) = d**2 + 3*d - 3. Give o(y).
1
Let g = -209 + 212. Let x(s) be the second derivative of s**6/360 - s**5/60 - s**4/24 + s**3/6 - s. Let i(k) be the second derivative of x(k). What is i(g)?
2
Let j(i) be the second derivative of -13*i**5/20 + i**4/12 + i**3/6 - i**2/2 - 561*i. Let c(q) = -q + 5. Let y be c(4). What is j(y)?
-12
Let x(c) be the first derivative of -1/2*c**3 - 2 + 3*c**2 - 5*c. Let d(s) be the first derivative of x(s). Calculate d(4).
-6
Let t = -20 + 19. Let c(n) = 19*n**3 - 2*n - 1. Determine c(t).
-18
Let z(y) be the first derivative of y**4/4 - y**3 + y + 235. What is z(3)?
1
Let b(a) = -a**3 + 3*a**2 + 2*a - 4. Let y = -35 - -31. Let p be (-1 - y)*(4 + (-4 - -1)). Determine b(p).
2
Let s(l) = -2*l**3 - 2*l**2 + 7*l - 3. Let d be s(1). Let w(t) = -t**2 - 4. Determine w(d).
-4
Let y(a) = a**2 + 4*a - 1. Let w be (3/(-2))/((-1)/(-2)). Let q be 12/(-9)*w - 9. Calculate y(q).
4
Let b = -2455 - -2448. Let n(z) = z**3 + 7*z**2 - 7*z - 1. Give n(b).
48
Let h be (-1)/(4 + (-27)/6). Let m(z) = 0*z**2 - z**2 - h*z**2 + 2*z**2 - 6*z. Determine m(-6).
0
Suppose -2*d - 4 = -12. Let i(x) = -x**3 + 5*x**2 - x - 4. Let k(o) = o**3 - 5*o**2 + 5. Let c(u) = -4*i(u) - 3*k(u). Give c(d).
1
Let r(q) be the second derivative of -q**4/4 + q**3/6 - q**2/2 + 3*q. Let m = 36 - 29. Suppose -m*z - 4 - 10 = 0. What is r(z)?
-15
Let b(j) = 7*j + 20. Let q(y) = -4*y - 10. Let i(h) = -h**2 - 15*h - 3. Let u be i(-15). Let o(p) = u*b(p) - 5*q(p). Determine o(-9).
-1
Let a = 980 + -981. Let q(m) = 31*m**3 + 2*m**2 - 1. Calculate q(a).
-30
Let g(z) = z - 5. Let f(n) = n**3 - 7*n**2 + 8*n - 6. Let s(m) = m + 14. Let r be s(-8). Let t be f(r). Let p be g(t). Let d(o) = -3*o**2. Determine d(p).
-3
Let t(a) = 0 - 5 - 12*a**2 + 11*a**2 + 1 + 3*a. Give t(4).
-8
Let a be (28/21)/(14/63). Let l(w) be the third derivative of 0 + 1/12*w**4 - 1/120*w**a - 7*w**2 + 0*w - 1/20*w**5 + 1/2*w**3. Give l(-2).
-5
Let t(o) = 4*o**2 - 2*o + 1. Let k(p) be the third derivative of p**4/24 + p**3/6 - 3*p**2. Let a be k(0). Let d be t(a). Let y(m) = -m - 1. Calculate y(d).
-4
Suppose -w + 2*u + 12 = 4*u, -5*w + 3*u = -8. Suppose 0 = -n - 0*n + w. Let a(l) = l - 6*l + 2*l - 3 + n*l. What is a(5)?
2
Let y(l) be the second derivative of l**3/2 - 5*l**2/2 - 173*l. Give y(4).
7
Let r(h) = -6*h**3 + 2*h**2 + 2*h + 1. Let l be 32/8 - (0 + -1). Suppose -2*z - 7 = -3*u, u + 3*u - 7 = l*z. Let q be -2 + 2 + (-1)/z. Determine r(q).
7
Let g(t) = 11*t + 10. Let h(i) = -9*i - 8. Let a(l) = -4*g(l) - 5*h(l). Give a(-1).
-1
Let o(h) = -h**2 - 6*h + 3. Let t(l) = -l + 13. Let s(b) = 12. Let c(y) = 4*s(y) - 3*t(y). Let m be c(-5). Determine o(m).
3
Let n be 3 - 7 - 1/(-1). Let g(u) = -u**3 - 5 + 4 - 3*u**2 + 1 - 2*u. Calculate g(n).
6
Let s(q) be the second derivative of -3/2*q**2 + 1/3*q**3 + 0 - 70*q. Suppose 0 = -5*b + 14 + 1. Give s(b).
3
Let g(d) = d**2 + d. Let u be g(-2). Let s(w) = 2*w**3 - u + 18*w**2 - 8*w**2 - 13*w**2 + 2*w. What is s(2)?
6
Let f(x) be the first derivative of 3*x + 4 - 1/3*x**3 - 2*x**2. Let r be f(-4). Let g(q) = q**3 - 4*q**2 + 3*q + 3. Give g(r).
3
Let s(g) = g**3 - 3*g**2 + g - 2. Let i(v) = v**2 - 3*v - 1. Suppose 5*b - h = 13, -2*b - 2 = -0*b + 2*h. Let k be i(b). Let d be -1*(9/k)/1. What is s(d)?
1
Suppose -n - 4*d + 7 = 0, -2*d = 2*n - 5*n - 21. Let q(x) = 4*x**2 + 3*x + 21. Let t(f) = 11*f**2 + 10*f + 57. Let p(j) = -8*q(j) + 3*t(j). Give p(n).
-2
Let u(k) = k**2 + 7*k + 1. Let p be u(-9). Let t = p - 22. Let v(i) = i**2 + i + 1. Determine v(t).
7
Let i be (-4)/((-3)/3*2). Let h(v) = v**2 - 18*v + 0 - i + 25*v. Calculate h(-6).
-8
Let q be (2/4)/((-2)/24). Let c = 0 + 2. Let d(a) = 2 + a**2 - 1 - 6*a**c + 4*a**2 - 5*a. Give d(q).
-5
Let k(c) = 4*c**2 + 2*c - 1. Let h(u) = u**2 + u + 1. Let i(n) = -2*n**2 + 1. Let b(j) = -h(j) + i(j). Let w(d) = 5*b(d) + 4*k(d). Determine w(-3).
-4
Let c be (-5)/(6 - (-33)/(-6)). Let g(t) = -t - 6. Calculate g(c).
4
Let w(b) = 2*b + 5. Let u be (-2 - -3)/((-4)/20). Let o(k) = k**3 + 5*k**2 + 2*k + 5. Let r be o(u). Give w(r).
-5
Let s(t) = -9*t + 12. Let u(c) = -4*c + 6. Suppose -2*m = 4*a - 16, 3*a = -5*m + 3 + 23. Let p(i) = a*s(i) - 5*u(i). Determine p(8).
10
Let n = 301